is the tens digit of i?
2
Let c be 1*(-2)/8 + 232/32. Suppose -c*g - 65 = -814. What is the tens digit of g?
0
Suppose w - 84 = -5*g, 2*g = 2*w - 241 + 13. What is the hundreds digit of w?
1
Let y(i) = -i**3 + 6*i**2 - 6*i - 6. Let z be y(4). Suppose 80 = z*x + 3*x. What is the units digit of x?
6
Let u(y) be the second derivative of -y**4/12 - 5*y**3/3 - 2*y**2 + 5*y. Let h be u(-9). Suppose 0 = -h*t + 131 + 9. What is the units digit of t?
8
Let z(d) = -11*d - 6. Let h = 7 + -9. Let x be z(h). Suppose -5*a - x + 76 = 0. What is the units digit of a?
2
Let t = -7 - 41. Let q = 17 + t. Let a = q - -47. What is the tens digit of a?
1
Suppose 5*c + 3 = 6*c. Suppose 0 = -2*p + 4*n + 54, -c*n + 4*n = -4*p + 153. What is the units digit of p?
7
Suppose 78 = -2*x + 4*t, -5*x + t - 171 = -t. Let w be (-890)/(-12) + (-3 - (-34)/12). Let j = x + w. What is the units digit of j?
1
Suppose 2*s - 5*k - 6 = 0, 4*s = -k - 2*k + 12. Let j = s - -68. What is the tens digit of j?
7
Let o = 1068 - 639. What is the tens digit of o?
2
Let j be (-18)/(-5) - 2/(-5). Suppose -91 = -j*k + d, -4*k + 5*d - d + 76 = 0. Suppose 2*c = 3*c - k. What is the tens digit of c?
2
Let c(u) = -6*u. Let o be c(-3). What is the tens digit of -9*o/(-3) + 2?
5
Let f(l) = 26*l - 81. What is the tens digit of f(17)?
6
Let m = 35 + 436. What is the tens digit of m?
7
Suppose 2*g - 122 = -0*g. Suppose 2*d + 4*r = r + 127, -r = d - g. What is the tens digit of d?
5
Let d = 246 + 796. What is the tens digit of d?
4
Let y(m) = -20*m**2 + 35*m**2 - 17*m - 17*m**2 + 10. What is the tens digit of y(-7)?
3
Let u(b) = -b**2 - 16*b - 31. Let g be u(-13). Suppose g*y + 1560 = 16*y. What is the units digit of y?
5
Suppose 0*v + 6*v = 198. Let l = -5 + v. Suppose -4*p + 2*p = -l. What is the tens digit of p?
1
Let k = 308 - 615. Let q = -199 - k. What is the hundreds digit of q?
1
Suppose -5*n + 36 + 39 = 5*j, 3*n - 6 = 0. Suppose -x = -2*x + j. What is the units digit of 297/x - (-14)/91?
3
Let t = -433 + 1468. What is the hundreds digit of t?
0
Let j(v) = v**2 - 12*v - 30. What is the tens digit of j(-7)?
0
Let n be 1470/8 + 5/20. Let q = -118 + n. What is the tens digit of q?
6
Suppose -52*x + 42011 = -9*x. What is the units digit of x?
7
Suppose -4*x + 73 = 3*s, 2*s = s + 3*x + 7. Suppose s*j = 14*j + 225. What is the tens digit of j?
4
Suppose 0 = -2*j - 3*g + 3588, -85*g + 90*g = -j + 1801. What is the hundreds digit of j?
7
Let n = 20 + -16. Suppose 0 = -n*k + 145 + 31. What is the tens digit of k?
4
Suppose -5*u + o - 25 = -3*o, -o = -2*u - 7. Let f be (u/1)/(1/(-2)). Suppose 18 = f*p - 64. What is the units digit of p?
1
What is the units digit of (0 - 0) + -5 + -2 + 139?
2
Let s = 1568 + -1014. What is the units digit of s?
4
Let n = -19 + 22. Suppose 3*c + 222 = 4*s - 450, -2*s + 342 = -n*c. Suppose 5*t = s + 10. What is the tens digit of t?
3
What is the tens digit of 9*5033/30 - 2/(-20)?
1
Let u = -255 - -630. What is the tens digit of u?
7
Let c = 4 + -2. Let f(t) = -8*t + 2. Let q be f(0). Suppose u - 141 = -c*p, 4*p + q*u - 287 = -u. What is the tens digit of p?
6
Let f = -33 - -40. Suppose 0 = f*h - 2 - 278. What is the tens digit of h?
4
What is the units digit of 22202/4 + 14/(-84)*9?
9
Suppose n + 2*y - 1338 = 0, -9024 + 2320 = -5*n + 4*y. What is the hundreds digit of n?
3
Suppose -4*o + 54 = -5*u, -5*u + 25 = 2*o + 73. Let l(x) = -6 - 5 - 2 - 3*x. What is the units digit of l(u)?
7
Let i(j) = j**3 + 11*j**2 - 12*j + 7. Let d(x) = -x**3 - 10*x**2 + 9*x - 6. Let u(z) = 5*d(z) + 4*i(z). Let g = -2 + -4. What is the units digit of u(g)?
6
What is the units digit of 10/(-20) - (2 + 1189/(-2))?
2
What is the units digit of (-12 - (-320)/24)*(-1 - -1312)?
8
Suppose 0 = -4*s + 27 + 1. Let w(k) = 6*k - 5. Let y(n) = -12*n + 10. Let z(c) = 9*w(c) + 4*y(c). What is the units digit of z(s)?
7
Let i = -85 - -115. Suppose 34*x = i*x + 744. What is the hundreds digit of x?
1
Let k(z) = -z**2 - z. Let v(o) = 3*o**2 + 3*o + 1. Let b(y) = 5*k(y) + 2*v(y). Let q(j) = j + 1. Let s be q(2). What is the tens digit of b(s)?
1
Let p be (-3 - -5)/((-2)/(-3)). Suppose 0 = -0*w + p*w. Suppose -d + w*d = -61. What is the units digit of d?
1
Let s(z) = -4*z + 1. Suppose -4*k = n + 2*n + 23, 2*n - k = -8. What is the tens digit of s(n)?
2
Let v(o) be the third derivative of 0*o + 1/12*o**4 + 0 - 4*o**2 + o**3. What is the units digit of v(7)?
0
Let g(z) = 8*z - 7. Let q be g(10). Suppose -4*p + q + 154 = 5*b, -b + 34 = -3*p. Suppose 0 = 2*t - 5*x - b, t + 38 = 2*t + 3*x. What is the tens digit of t?
2
Let j = -152 + 318. Suppose -4*u = -2*u - j. What is the units digit of u?
3
Suppose 3*a + 0*d - 55 = 2*d, -85 = -5*a + 2*d. Let j = 6 + 18. Let m = j - a. What is the units digit of m?
9
Let z(p) = -p**3 + 8*p**2 + 2*p + 7. Suppose -64 - 6 = 5*o. Let t = -6 - o. What is the tens digit of z(t)?
2
Let b = 7 - 7. Suppose 16 = 2*x - 4*a, b = -5*x + 4*a + 3 + 13. What is the units digit of 52 + 8/2 + x?
6
Let h(d) = -d**3 - d**2 + d + 27. Suppose -3*q - 4*k + 4 = -6*q, 0 = 5*q - k + 1. What is the tens digit of h(q)?
2
Let m be (-5 + 1)/(-2 + (-9)/(-6)). Suppose -m*t + 308 = -6*t. What is the hundreds digit of t?
1
Let c(m) = -8*m - 13. Let p be c(-7). Suppose -3*q + p = -4*w, w - 2*q - 18 = 5*w. What is the units digit of (-243)/w - (-4)/14?
5
Suppose -6*z - 76 = 8. Let x(l) = -11*l + 31. What is the hundreds digit of x(z)?
1
Let y(x) = 5*x - 2*x - 14 + 0*x. Let u be y(6). Suppose 46 = 2*s + 4*o, -o + 20 = s + u*o. What is the tens digit of s?
2
Let x = -842 + 3391. What is the units digit of x?
9
Let f(s) be the third derivative of 13*s**4/4 + 5*s**3/6 + 25*s**2. What is the hundreds digit of f(2)?
1
Let f = -43 - -43. Suppose 2*l + 3*j - 87 = -f*j, l - 51 = -4*j. What is the units digit of l?
9
Suppose -5*w - 47 = -12. Let z(u) = 3*u**2 + 12*u + 17. What is the units digit of z(w)?
0
Suppose 3*g + 0 + 6 = 0. Let f be 2*(-2)/g + 0. Suppose 0*v + f*v - 38 = 0. What is the units digit of v?
9
Suppose f - 4 = 2. What is the tens digit of (-4)/(-6)*225/f?
2
Let x = 4956 + -2280. What is the thousands digit of x?
2
Suppose v - 2*w = 1993, -12880 = -5*v + 2*w - 2931. What is the tens digit of v?
8
Let v = 442 - -146. What is the units digit of v?
8
Let h be (-2 - -5)*(-2)/(-3). Suppose -s + 1 = 4, 21 = 5*i - h*s. Suppose -i*r - 4*n + 117 = 27, -2*r = n - 60. What is the tens digit of r?
3
Suppose -4050 = -3*r + 3*i, 3*r + 7*i = 2*i + 4082. What is the tens digit of r?
5
Let g(l) = l**2 + 2*l - 9. Let r be g(0). Let a = r - -10. Let n(o) = 28*o**2 - o + 2. What is the tens digit of n(a)?
2
Let l = 2 + 23. Let q = 82 - l. Suppose -149 = -4*k - q. What is the tens digit of k?
2
Let x be -3*2*(-25)/30. Suppose 3*b = x*f - 533, 7 - 3 = b. What is the hundreds digit of f?
1
Let j = 5 - 10. Let d = 18 - j. What is the units digit of d?
3
Let c(f) = 60*f**2 + 11*f - 22. What is the tens digit of c(4)?
8
Let q = 8985 + -6052. What is the hundreds digit of q?
9
Let d(y) = 16*y**2 + 3. Let o be d(4). Suppose 3*h - o = 386. Suppose 6*n - n - h = 0. What is the tens digit of n?
4
What is the units digit of (-1465)/((-5)/1)*1?
3
Suppose 0 = -g - 4*g - 340. What is the tens digit of g/(3 + -6 + 2)?
6
Let b = -8 + 8. Suppose b = -4*i - 2*o - 34 + 12, -3*o + 44 = -5*i. What is the tens digit of i/35 + (-162)/(-10)?
1
Let y(l) = l**3 - 4*l**2 + 3*l - 1. Let p be y(3). What is the units digit of (5 - 1 - 59)*p?
5
Suppose -2*f + 6 - 2 = 0. Suppose 0 = f*i + 6, -d - 10 = -2*d + 2*i. Suppose d*j + 3*r = 84, 2*j + 4*r = -0*r + 52. What is the units digit of j?
8
Let q(p) = 2*p**2 + 16*p - 12. Let k be q(-8). Let w(f) = -11*f + 27. What is the units digit of w(k)?
9
Suppose 0 = -5*y + x - 2 - 8, -y - 26 = -5*x. Let o(n) = -4*n - 2. Let r be o(y). Suppose 3*t + r*t - 5 = 5*c, -4*t + 1 = -5*c. What is the units digit of c?
3
Let b be 5 - 1 - (0 + -105). Suppose -2*f + 3*u = -b - 165, 3*f - 408 = 3*u. What is the tens digit of f?
3
Let b = 190 - 185. Suppose 0 = -2*q - 4*l + 8, -2*q + 3*l + 1 = -0*q. Suppose -c - c = -q*v + 60, 90 = 3*v - b*c. What is the tens digit of v?
3
Suppose 731 = j + 114. What is the units digit of j?
7
Let q be (3/(-3))/((-2)/54). What is the tens digit of (-2*(-1 + 2))/(q/(-1215))?
9
Let v(z) = 6*z**2 + 5*z + 203